763 - -14?
-5747
In base 16, what is -2 - 4013?
-4015
In base 7, what is -52 - 554?
-636
In base 14, what is -680c + 21?
-67cb
In base 12, what is -400a2 - -4?
-4009a
In base 3, what is -1120 - -10002021?
10000201
In base 15, what is 5114 - 2e?
50d5
In base 2, what is -101000011 - 110011011000?
-111000011011
In base 16, what is -253eb5 + 5?
-253eb0
In base 14, what is 5 + -97a8?
-97a3
In base 6, what is -1010525 - 1?
-1010530
In base 10, what is -4 + 262535?
262531
In base 10, what is 4697 + -4?
4693
In base 5, what is -4 - 34241140?
-34241144
In base 7, what is 612043 - 3?
612040
In base 12, what is -3a7 - 575?
-960
In base 10, what is -1258 - -21?
-1237
In base 11, what is 0 - -594a32?
594a32
In base 15, what is -3e103 - 0?
-3e103
In base 10, what is 196233 + 0?
196233
In base 4, what is 123 + 10000102?
10000231
In base 12, what is -2153a3 + 0?
-2153a3
In base 16, what is -2c + -b51?
-b7d
In base 15, what is 45b344 + 4?
45b348
In base 14, what is 2d4ab8 - 2?
2d4ab6
In base 5, what is -101002 - -330?
-100122
In base 16, what is -23fdf - 1?
-23fe0
In base 3, what is 2 + -110011000?
-110010221
In base 15, what is -e - 7e6?
-805
In base 6, what is 4 - -140400?
140404
In base 2, what is 111100111011 - -11100?
111101010111
In base 15, what is a36 + 192?
bc8
In base 2, what is 101 + 101111010010?
101111010111
In base 13, what is -4 - -8aa2?
8a9b
In base 6, what is 5224242 + 2?
5224244
In base 7, what is -20 - 2050?
-2100
In base 16, what is -1 - 20ca?
-20cb
In base 2, what is 1001011011111111 - -100?
1001011100000011
In base 5, what is -11 - -1121331?
1121320
In base 12, what is 10 + 6543?
6553
In base 7, what is 44261 + 14?
44305
In base 16, what is -128 - -100a?
ee2
In base 2, what is 10111 - 100110001011?
-100101110100
In base 11, what is 16a1 - 118?
1584
In base 7, what is -1032 + 1051?
16
In base 8, what is -167203 + 3?
-167200
In base 9, what is 13 - -401?
414
In base 6, what is 140505 + 1133?
142042
In base 5, what is -22222340 - 0?
-22222340
In base 15, what is 72 + 4ce?
551
In base 6, what is 1201020 - 5?
1201011
In base 15, what is -182e - -15?
-1819
In base 9, what is -3735 - 2?
-3737
In base 12, what is -20 - 196b1?
-19711
In base 7, what is 1301 - 133?
1135
In base 7, what is -113 + 256?
143
In base 12, what is -10468b - 2?
-104691
In base 11, what is -5 + 9a99?
9a94
In base 9, what is 18657 + 1?
18658
In base 10, what is 3 + -4447?
-4444
In base 16, what is -3d8 + 27?
-3b1
In base 4, what is 230230 - -20?
230310
In base 10, what is 86058 + -4?
86054
In base 11, what is -4 - -5872?
5869
In base 11, what is 5 - 14976?
-14971
In base 13, what is c6 - 9b?
28
In base 13, what is 156a01 + -5?
1569c9
In base 2, what is 0 + 101001010111?
101001010111
In base 8, what is 1006 + -6216?
-5210
In base 14, what is 3a39 - d?
3a2a
In base 10, what is -73355 + -50?
-73405
In base 2, what is -1000010010101 - -100?
-1000010010001
In base 3, what is 1112000 + 20?
1112020
In base 2, what is 10001 + 101100010100?
101100100101
In base 13, what is -15 + -7221?
-7236
In base 5, what is 100214 + 3?
100222
In base 10, what is 594 + -528?
66
In base 3, what is 0 - -1001122222011?
1001122222011
In base 2, what is 101011000011010110101 - -1?
101011000011010110110
In base 6, what is -14 - -333434?
333420
In base 2, what is -11001 + -1001100101000?
-1001101000001
In base 2, what is -110 + -1001100010000?
-1001100010110
In base 16, what is 4026 - a?
401c
In base 9, what is -5 + -2621?
-2626
In base 5, what is -4134411 - 0?
-4134411
In base 10, what is 3 - -524787?
524790
In base 3, what is 11101 + 1020002?
1101110
In base 14, what is -1185 - -87?
-10dc
In base 3, what is 1200022202 + -1?
1200022201
In base 2, what is 1011011100101 + -1?
1011011100100
In base 10, what is 17111 + 0?
17111
In base 11, what is 12 - -7796?
77a8
In base 15, what is 0 - 188?
-188
In base 7, what is -4 - 63210?
-63214
In base 9, what is 476 + 22?
508
In base 13, what is 1 - 2747?
-2746
In base 12, what is -287a3 + 5?
-2879a
In base 13, what is -2290 + 12?
-227b
In base 10, what is -374616 - -1?
-374615
In base 12, what is 51ba41 - 5?
51ba38
In base 7, what is 34 + 226?
263
In base 12, what is 2547 + 54?
259b
In base 2, what is -11011011 - 1101101010?
-10001000101
In base 16, what is f7 - -a?
101
In base 4, what is 13102120201 + 3?
13102120210
In base 9, what is 3 + 27068?
27072
In base 8, what is -2702347 + -15?
-2702364
In base 14, what is 13c0 + 85?
1465
In base 5, what is 20 - 131431?
-131411
In base 10, what is 18 + 2205?
2223
In base 15, what is -3 - -1e0d2?
1e0ce
In base 11, what is -1a100 - 2?
-1a102
In base 5, what is -243042332 + -4?
-243042341
In base 5, what is -4210 - 1000?
-10210
In base 12, what is 2ab8 + -74?
2a44
In base 3, what is 100 - 221210022?
-221202222
In base 12, what is -118 - 336?
-452
In base 5, what is -411 + -4411?
-10322
In base 12, what is 87928 + 1?
87929
In base 9, what is -3781 - 20?
-3811
In base 3, what is -22222022202 - -12?
-22222022120
In base 3, what is -112102100222212 - -11?
-112102100222201
In base 12, what is 6 - 3864a?
-38644
In base 15, what is 1 - -571?
572
In base 5, what is -402214 - 4?
-402223
In base 3, what is -121210 + -22121002?
-100012212
In base 11, what is 4aa7 + -2?
4aa5
In base 5, what is -2 - -12341?
12334
In base 11, what is 30 - 93?
-63
In base 5, what is 2 + 1121140?
1121142
In base 7, what is 1553 + -4214?
-2331
In base 10, what is 22784 - -11?
22795
In base 14, what is -9 - -115c3?
115b8
In base 8, what is -4 - -17547?
17543
In base 2, what is 1111111101011 + -101?
1111111100110
In base 5, what is -242024 + 11?
-242013
In base 13, what is -258826 - -2?
-258824
In base 12, what is -b728 + 1?
-b727
In base 16, what is bc01d + -1?
bc01c
In base 16, what is 25ca7 - -1?
25ca8
In base 12, what is 2 + -7233?
-7231
In base 8, what is -143402 + 5?
-143375
In base 3, what is -101 - -110121?
110020
In base 15, what is -3 - 24c?
-250
In base 10, what is -152757 - 48?
-152805
In base 15, what is -6e - 205c?
-20cb
In base 10, what is -513 + -518?
-1031
In base 11, what is -2a - -227a?
2250
In base 2, what is -10111111 - 1111000100?
-10010000011
In base 16, what is -a0b + 12?
-9f9
In base 11, what is -335 - -5149?
4914
In base 2, what is 1011110110000 - -101?
1011110110101
In base 9, what is 75 - -161032?
161117
In base 10, what is 72295 - 7?
72288
In base 12, what is -169 + 1662?
14b5
In base 13, what is 1 + 25838?
25839
In base 15, what is -5 - -3d5b?
3d56
In base 7, what is -225132 + 1?
-225131
In base 13, what is 5 - 700?
-6c8
In base 2, what is -10001110 + 1100011111?
1010010001
In base 13, what is 227 - -26?
250
In base 5, what is 2044414112 + 3?
2044414120
In base 16, what is -195f - 1d?
-197c
In base 2, what is -10100101010 - 1000010100?
-11100111110
In base 4, what is 11 + 1020120133?
1020120210
In base 8, what is -6354 + 2?
-6352
In base 9, what is 20 + 12642?
12662
In base 14, what is -3 - -1a50?
1a4b
In base 2, what is -1 - 10100100011011011?
-10100100011011100
In base 10, what is -3 + 149865?
149862
In base 7, what is 3164 - 1526?
1335
In base 3, what is 212 - 210222101?
-210221112
In base 5, what is -4 + -31321403?
-31321412
In base 7, what is -222 + -4231?
-4453
In base 10, what is 3 + 63252?
63255
In base 11, what is 48684 + -15?
4866a
In base 12, what is 5a9589 + -4?
5a9585
In base 9, what is -2831 + -440?
-3371
In base 14, what is 11 - -18968?
18979
In base 8, what is -2 - 1347675?
-1347677
In base 13, what is -92 + 94a?
888
In base 14, what is -246 - -a?
-23a
In base 8, what is -60 + -674?
-754
In base 3, what is 2202 + 2020?
11222
In base 3, what is 1010102 - 1020?
1002012
In base 15, what is a + -2641?
-2636
In base 5, what is 0 - 1224142?
-1224142
In base 10, what is -439 - 234?
-673
In base 2, what is -1111011 - 1100101?
-11100000
In base 13, what is -14a + 95?
-85
In base 11, what is a - -28410?
2841a
In base 16, what is 2 + 6e87?
6e89
In base 8, what is 4 + -204732?
-204726
In base 6, what is 10 - 15154?
-15144
In base 7, what is 133 + -63?
40
In base 3, what is -1002 - 1021000001?
-1021001010
In base 7, what is 3401 - 24?
3344
In base 4, what is 0 + -1123013111?
-1123013111
In base 6, what is -53 + -11514?
-12011
In base 7, what is -3 + 1202216?
1202213
In base 6, what is -3 + -103424?
-103431
In base 4, what is